.
1
Suppose 4*i + 2*l - 1186 = 358, l - 1933 = -5*i. What is the highest common factor of i and 9?
9
Suppose 2*h - k = 451, -4*k - 1118 - 8 = -5*h. Suppose -2*f = -h - 126. What is the greatest common divisor of f and 44?
44
Let f be 13/(-156) + (-1)/(-12)*2041. What is the highest common factor of 40 and f?
10
Let j(a) = a**2 - a + 2. Let z be j(2). Let t(l) = -l**3 - 44*l**2 - 83*l + 62. Let p be t(-42). What is the highest common factor of p and z?
4
Let d = 4 - -5. Let f = -9 + d. Suppose -r + 2*r - 110 = f. What is the highest common factor of 10 and r?
10
Let n be 4/(0 - 4)*0. Suppose 72 = -n*c + 4*c. What is the highest common divisor of c and 54?
18
Suppose 19*c = 42*c - 1288. Calculate the highest common divisor of c and 42.
14
Let z = -985 + 990. What is the greatest common divisor of z and 5?
5
Let q(x) = -9*x**2 - 228*x + 26. Let b be q(-25). Calculate the greatest common divisor of 1 and b.
1
Suppose q + 276 = 5*q. Calculate the greatest common factor of q and 23.
23
Let v(h) = 17*h**2 - h - 30. Let f be v(-8). Calculate the greatest common factor of f and 164.
82
Suppose -2*v = -o - o - 98, 0 = -4*o - 4. Let j = -144 + 216. Calculate the greatest common divisor of v and j.
24
Let u(t) = -t**2 - 9*t - 16. Let r be u(-7). Let b = r + 4. Let c be (-12)/15*(-8 - b). What is the highest common divisor of c and 20?
4
Let m be 6*(8 - 7) + 1. What is the highest common divisor of m and 2?
1
Suppose 23 = 6*q - 577. Calculate the highest common divisor of q and 125.
25
Suppose 4*j - 117 = -1. What is the highest common divisor of 319 and j?
29
Let z(y) = y**3 - 2*y**2 - 7*y + 7. Suppose l - 7 = -0*g - g, 3*g = -l + 13. Let m be z(l). Calculate the highest common factor of 33 and m.
11
Let m(t) = -20*t + 1. Let j be m(-1). Let h = -25 + j. Let r be 2/(-4) - 50/h. What is the greatest common divisor of r and 6?
6
Suppose 0 = -4*d - 2*s + 42, d - 5*d + 32 = 4*s. Let c = 244 - 75. What is the highest common factor of c and d?
13
Suppose 5 - 22 = -k. Suppose n - p = 31, -3*p - 2*p + 15 = 0. Calculate the greatest common factor of n and k.
17
Suppose 135 = 5*b + 20. Let a = b + -19. Suppose f + 33 = a*f. Calculate the highest common factor of 11 and f.
11
Let x = -18 + 21. Suppose 134 = x*q - 64. What is the greatest common divisor of q and 44?
22
Suppose -3 = 3*t - 2*t, -t - 201 = -3*z. Calculate the greatest common factor of z and 88.
22
Let b be (-8)/(-12) - 20504/(-24). Calculate the highest common divisor of 15 and b.
15
Let s = 129 + -129. Suppose 3*d - 75 = -s*d. What is the greatest common divisor of 200 and d?
25
Let v be (-4 - -2)*46/(-4). Suppose -43*n + 2432 + 535 = 0. What is the greatest common divisor of v and n?
23
Let c be -7*(-1 - 0) + 1. Let f be (-4)/14 + 74/14. Suppose -f*s + 15 = -n + 2*n, -2*s + 4*n = -28. What is the greatest common factor of c and s?
4
Let r be 498/102 - (-2)/17. Suppose 0 = -6*x + r*x + 11. What is the highest common divisor of 44 and x?
11
Let j be 5 + -6 + (14 - 1). Let c = 4 - 8. Let z = c + j. What is the highest common factor of 64 and z?
8
Let k(z) = z**3 - 26*z**2 + 27*z - 47. Let n be k(25). Calculate the greatest common divisor of n and 81.
3
Suppose 3*g + 5*n = 350, -3*g - 4*n = -129 - 217. Let v = -20 + g. Calculate the greatest common divisor of v and 10.
10
Let r be (-1 + 137)/((-7)/42*-6). Calculate the highest common factor of r and 51.
17
Let p(u) = 77*u**2 + u. Let j be p(1). Suppose -b = 2*b + 4*z - 127, -j = -2*b - z. Suppose 5*q - 23 - b = 0. Calculate the greatest common factor of q and 8.
4
Let z = 67 + 29. What is the greatest common divisor of 36 and z?
12
Suppose 36*t = 289 + 143. Let z(h) = h**2 - 2*h. Let u be z(2). Suppose u = -d + 2*d - 30. Calculate the greatest common factor of t and d.
6
Let s(o) = o**3 + 16*o**2 - 29*o - 128. Let c be s(-17). What is the greatest common divisor of 817 and c?
19
Let i(k) = -26*k - 26. Let t be i(-2). Suppose -156 = -a - 3*a. Calculate the greatest common factor of t and a.
13
Suppose -78*c = -84*c + 900. Suppose 21*a = 19*a + 60. What is the greatest common factor of a and c?
30
Let c = 284 + -192. Suppose 4*q + m = 317, 6*q - 4*m = 5*q + c. Let o be (-2)/(1*(-2)/16). What is the highest common factor of q and o?
16
Suppose -15 = 3*n - 8*n. Suppose n*w + 0*w - 4*f + 4 = 0, 21 = -2*w - f. Let h = w - -22. Calculate the greatest common divisor of 14 and h.
14
Suppose f = -3*v - 7, 0*f - 2*f - 3*v - 5 = 0. Suppose 3*h - 21 = 5*g, f*h - 4*g - 15 = 1. What is the greatest common factor of 10 and h?
2
Suppose 5*q - 5*s + 2*s + 1531 = 0, -3*s + 1223 = -4*q. Let o be (-1 + -2)/(12/q). Calculate the highest common divisor of 11 and o.
11
Let g(l) be the second derivative of -11*l**5/5 - l**3/6 - l**2/2 + 9*l. Let i be g(-1). Calculate the greatest common factor of 4 and i.
4
Suppose -4*r + 15 = -21. Let f(m) = -m**2 + 8*m + 5. Let k be f(r). Let w be (k/(-6))/((-12)/(-90)). Calculate the highest common factor of 25 and w.
5
Let g(f) = f**2 - 4*f + 13. Let u be g(3). What is the highest common factor of u and 560?
10
Suppose 3*h - 58 = -c, -4*h + 102 - 14 = 4*c. What is the highest common factor of 540 and h?
18
Let r(h) = h**2 - 14*h + 28. Let p be r(-22). Calculate the greatest common factor of 20 and p.
20
Let r be 152 + (5 - (8 + 7)). Calculate the greatest common factor of 284 and r.
142
Suppose 31*d - 3*s = 33*d - 480, 2*d + s = 472. What is the greatest common divisor of 39 and d?
39
Let h be (20/(-8) - -5)*2. Let k = 7 + 2. Suppose k = 3*c, 4*z + 3*c - 6 - 7 = 0. What is the greatest common divisor of h and z?
1
Let y(b) = -5*b - 4. Let j be y(-3). Let p = 1 - -3. Let k = j + p. What is the greatest common factor of 6 and k?
3
Suppose 3*g + 5*p = 16 + 72, 5*p - 36 = -g. Suppose -l + 54 = 4*f, 0 = -4*f + 18*l - 14*l + 44. Calculate the highest common divisor of g and f.
13
Let y(s) = s**2 + 4*s + 11. Let r be y(-4). What is the greatest common factor of r and 275?
11
Let z be ((-3300)/10)/(4*2/(-4)). Calculate the greatest common factor of z and 45.
15
Let q = 31 - 16. Suppose 0 = 3*u - q, -5*r + 4*u + 124 = -r. Calculate the greatest common factor of r and 84.
12
Let z(y) = y**3 - 8*y**2 + 7*y + 10. Let b = -10 + 17. Let k be z(b). What is the highest common divisor of 5 and k?
5
Let y(m) = -10 - 3*m**2 + 0*m + 2*m**2 - 12*m. Let b be y(-9). Calculate the highest common factor of b and 17.
17
Suppose -25*w = -222 - 3328. What is the highest common factor of w and 71?
71
Let d be (-192)/512 - (-35)/8. What is the highest common factor of 172 and d?
4
Let d(s) = -24*s - 23. Let u(o) = 12*o + 11. Let l(z) = 6*d(z) + 13*u(z). Let b be l(5). Let w = 9 + 17. What is the highest common factor of w and b?
13
Let n(s) = -s**2 + s. Let i be n(-7). Let x = i - -108. Suppose 9*k - 4*k - 47 = -4*w, 5*w - k - 66 = 0. What is the greatest common factor of w and x?
13
Let o be (-4 - 21/(-9))/(1/(-18)). Suppose x + x + 4 = 0. Let k be x - (2 + -275) - 1. What is the greatest common factor of o and k?
30
Suppose -2*i - 6*y = -4*y - 84, -5*y + 5 = 0. Calculate the greatest common divisor of 533 and i.
41
Let w(f) = -f**3 + 2*f**2 + 10*f - 1. Let l be w(3). Calculate the highest common factor of 230 and l.
10
Let z be (8/14*-30)/((-17)/119). Calculate the highest common factor of z and 510.
30
Suppose 19*d + 21 - 211 = 0. What is the greatest common divisor of d and 20?
10
Let a = -3 - -1. Let t be 2 + (5 + a - 1). Suppose v + 46 = 3*v - h, -16 = -v + t*h. What is the greatest common factor of v and 8?
8
Suppose -9*m = 7*m - 1472. Calculate the greatest common factor of 69 and m.
23
Let p(q) = -q**3 + 32*q**2 - 29*q + 38. Let x be p(31). What is the greatest common divisor of 25 and x?
25
Let f = 13 + -16. Let x be (5/f)/((-65)/78). Suppose 5*h + 2*r + r = 175, -2*r + 70 = x*h. What is the greatest common factor of h and 14?
7
Suppose k + 5 = 10. Let u be (-2)/4 - (-44)/8. Let q be -2 + u + 1*-2. Calculate the highest common divisor of q and k.
1
Let h(p) = 3*p**3 + 3*p**2 - 12*p + 162. Let m be h(7). Calculate the greatest common divisor of m and 342.
114
Let b(i) = 13*i - 3. Let t be b(-4). Suppose -l - 16 = 3*z, z = 22*l - 17*l. Let k be (1/1)/(z/t). Calculate the greatest common factor of 22 and k.
11
Let j = -543 - -558. What is the greatest common d